*1. Suppose -o - 12 = 5*c, 0 = c + a*c - 5*o - 4. Let k(x) = 5*x - 2*x + x**2 + 1 + 2*x. Determine k(c).
-5
Let i = -34 - -28. Let q(j) = j + 8. Calculate q(i).
2
Suppose 5 = w + 2. Let o(b) = -b**3 + 9*b**2 - 6*b - 10. Let x be o(8). Let f(c) = -w - c - 2*c**2 + 3 + x*c - 3. Calculate f(3).
-6
Let a(i) = -i. Let r(q) = -2. Let w(k) = 6*a(k) - r(k). Calculate w(-4).
26
Let m(l) = l + 1. Let y be (-2)/1 + -1 + 9. What is m(y)?
7
Let y(d) = d + 3. Let b be y(-3). Suppose -5*z - g + 9 = b, -g + 22 = 2*z + 4*g. Let v(m) be the third derivative of m**6/30 - m**5/60 - m**2. Give v(z).
3
Let v be (-6)/(-2) - (2 + -2). Let k(d) = d**2 - d + 1. Let u(c) = c**2 + c + 1. Let b(w) = -2*k(w) + u(w). Calculate b(v).
-1
Let l(n) = 4*n**3 - n**2 + 2*n - 1. Let f = 0 + 5. Let c = 6 - f. Give l(c).
4
Let t(b) = 3*b + 5. Let j(o) = -o + 1. Let z(a) = -4*j(a) - t(a). Let g(y) be the second derivative of y**4/3 + y**2/2 - 3*y. Let d be g(-1). Determine z(d).
-4
Let d(w) = -w**2 + 10 - 5 + 2 + 4*w. Let g be 3/1 + (-6)/(-3). What is d(g)?
2
Let o(l) = 2*l**2 - l + 2. Let d(a) = a**2 + a - 1. Let u(y) = 2*d(y) + o(y). What is u(1)?
5
Let f(v) be the third derivative of v**4/12 + v**3/2 - 7*v**2. Calculate f(-6).
-9
Let d(c) = -11*c**2 + 5*c + 7. Let t(a) = 6*a**2 - 3*a - 4. Let m(j) = 3*d(j) + 5*t(j). Calculate m(-2).
-11
Let w(r) = 4*r + 1. Let v = -98 + 97. Determine w(v).
-3
Let k = -13 - -8. Let t(g) = 3*g**3 + 2*g**2 - 7*g + 15. Let q(c) = 5*c**3 + 3*c**2 - 11*c + 23. Let m(f) = k*q(f) + 8*t(f). Calculate m(0).
5
Let w(x) = -17*x**2 - 5*x - 8. Let h(k) = -6*k**2 - 2*k - 3. Let n(y) = -8*h(y) + 3*w(y). Let r(s) = -s**2 - 3*s + 1. Let p be r(-3). Calculate n(p).
-2
Let d(a) be the first derivative of a**2/2 - 2*a + 8. What is d(-3)?
-5
Let a(p) = p - 2. Let b(f) = f**3 + 3*f**2 - 2. Let j be b(-2). Let g be (-4)/j + -2 + 2. Give a(g).
-4
Let p(b) = 13*b - 19. Let l(z) = -3*z + 5. Let r(q) = 9*l(q) + 2*p(q). What is r(4)?
3
Let x(t) = -2*t**3 - 3*t**2 - 3*t - 3. Suppose 2*f + 4 = 3*p - 2*p, -4*p - 2 = f. Give x(f).
7
Suppose -j + 6*j = 5*c + 10, 5*c + 3*j - 6 = 0. Let m(s) = 8 + 7*s + 2*s + 0*s - 8*s. Determine m(c).
8
Let q(c) be the first derivative of -c**2 - 6*c - 3. What is q(-4)?
2
Let o(u) be the third derivative of -u**4/24 - 2*u**3/3 + u**2. Let q = 29 + -48. Let p = 14 + q. Give o(p).
1
Let a(r) = 4*r**3 + 3*r**2 + r + 13. Let t(x) = -x**3 - x**2 - 3. Let h(u) = -2*a(u) - 9*t(u). What is h(-3)?
7
Let n be (-1 - (-2 + 0)) + 21. Suppose -a + 2*a = 2*v + 8, 3*a - 5*v = n. Let j(l) = -l**3 + 3*l**2 + 3*l + 2. Determine j(a).
-2
Let n(w) = 17*w**2. Let q be (5 - 5)/(-1) - -1. Give n(q).
17
Let o(x) = -x**3 - 8*x**2 + x + 2. Let w be o(-8). Let q(z) = -z + 4*z - z + 9. Let g be q(w). Let c(f) = f**3 + 3*f**2 - 2*f - 2. Give c(g).
4
Let o be ((-6)/(-30))/((-1)/(-5)). Let z be 0/o + (4 - 6). Let d(k) = -k**3 - 3*k**2 + k. What is d(z)?
-6
Let n(a) = 6*a - 66. Let v(m) = m - 13. Let l(p) = 4*n(p) - 21*v(p). Determine l(-6).
-9
Suppose 3*r - 21 = 2*r + 5*p, -3*p - 23 = 2*r. Let x(a) = 2*a + 4. What is x(r)?
-4
Let d(t) be the second derivative of 2*t + 1/2*t**2 + 0 + 1/6*t**3 + 1/12*t**4. Calculate d(-1).
1
Suppose 5*x - 4*x - 5 = 0. Suppose -4*r - x*h = -3 - 13, 2*h = 0. Let z(w) = -w + 0*w + 3*w + r. Give z(-4).
-4
Let j be (-10)/(-5)*-3*1. Let i(g) = -2*g**2 + 2 - g**2 + 6*g - g**3 - 2*g**2. Determine i(j).
2
Let f(u) be the first derivative of u**3/3 - 7*u**2/2 + 3*u + 5. Determine f(7).
3
Let j(c) = -c**3 - 3*c**2 + 2*c + 2. Let q = -14 - -11. What is j(q)?
-4
Let y(s) = 2*s - 2. Suppose -13 = 4*f + 11. Let w be f/(((-30)/4)/5). Suppose -15 = j + w*j. Give y(j).
-8
Let j(b) = -b**3 - b**2 + 4*b + 3. Let y(r) = -r**3 - 5*r**2 + 8*r + 8. Let h be y(-6). Let u = -6 - h. Let l be (3 + u)/((-2)/6). Give j(l).
9
Let o(t) = -1. Let k(d) = -d**2 - 8*d - 4. Suppose 2*j + 2 = -5*u, 0 = 4*j - 3*u - 2*u + 4. Let v(w) = j*k(w) - o(w). Calculate v(-7).
-2
Let c(y) = 2*y - 5. Let n(i) = 5*i - 10. Let z(v) = 7*c(v) - 3*n(v). Determine z(-7).
2
Let j be (12/18)/((-2)/15). Let l(q) = q**3 + 4*q**2 - 5*q + 2. Determine l(j).
2
Let w(j) = 12*j - 2 - 5*j**2 - 5 - 19*j + j**3. Determine w(6).
-13
Let f be 10/5 + (-24)/3. Let g(m) = -10*m - 5. Let o(l) = -19*l - 9. Let p(a) = f*o(a) + 11*g(a). Calculate p(-1).
-5
Let r(h) = h**2 - 10*h - 1. Let n(l) = l**2 - 11*l - 2. Let q(p) = 3*n(p) - 4*r(p). Let d be q(6). Let m(s) = -s**2 + 6*s - 2. Give m(d).
6
Let g(b) = 4 + 10*b**2 - 5*b**2 - 4*b**2 + 8*b. What is g(-6)?
-8
Let l(m) be the second derivative of m**3/6 - 2*m**2 + 20*m + 2. Give l(-9).
-13
Let y(l) = -l**2 + l + 3. Let r be (-6)/(3 - (-9)/(-6)). Let w be r/6 + (-22)/(-6). What is y(w)?
-3
Suppose 0 = -2*v + 6*v - 20. Let h(c) be the third derivative of c**5/60 - 5*c**4/24 - 15*c**2. Give h(v).
0
Let n be (8/(-10))/(4/(-10)). Let c(b) be the second derivative of -7/2*b**n - 1/6*b**3 + 2*b + 1/12*b**4 + 0. Determine c(0).
-7
Suppose 2*o = c - 4*c - 5, 0 = 5*c - o - 9. Let p(d) = 5*d**2 - 2. Let b(l) = -36*l**2 + 15. Let x(j) = 6*b(j) + 45*p(j). Give x(c).
9
Let t(w) = 2*w**3 - w**2 - w - 1. Let h be t(-1). Let s(x) = x**2 + 4*x - 2. Let l be s(-5). Let f(v) = -3*v - v + l*v. Calculate f(h).
3
Let j(c) = -c**3 + 2*c**2 + 4*c - 4. Suppose -2*n - m = 13, 0*m - 6 = -n - 3*m. Let h be (-2)/n + (-25)/(-9). Calculate j(h).
-1
Let s(f) = -f**3 + f - 2. Let x = 11 - 15. Let y be 3*(0 + x/6). Give s(y).
4
Let v(s) be the second derivative of -s**5/20 - 5*s**4/12 + 2*s**3/3 - 7*s**2/2 - 2*s. Let c be 2/(-4)*(12 - 0). Calculate v(c).
5
Suppose -4*y - 16 = 0, 5*y = -o - 9 - 9. Let d(a) = 17*a. Let h(n) = -9*n. Let c(j) = 6*d(j) + 11*h(j). Give c(o).
6
Let i(u) = -u**2 - 4*u + 1. Let b(m) be the third derivative of -m**6/120 + 7*m**5/60 - 7*m**4/24 + 4*m**2. Let o be b(6). Give i(o).
-11
Let t(i) = 2*i + 7. Let q be (-14 - -12)/(2/7). What is t(q)?
-7
Let t(d) = d - 2. Let p(q) = q**3 - 3*q**2 - 3*q - 1. Let w be p(4). Let a be 3/(2 + (-10)/4). Let n be (w/a)/((-3)/12). Calculate t(n).
0
Let y(b) = 4*b - 2. Let r(h) = h**3 + h**2 + h + 2. Let j be r(0). Calculate y(j).
6
Let b be 6*(12/9 - 1). Let a(n) = 5*n - n**2 - 2 - n - b*n + 2*n. Calculate a(3).
1
Let x(l) = -l**3 - l**2 + 4*l. Let f(y) = -y**3 + 6*y**2 - y + 3. Let v be f(6). Determine x(v).
6
Let m(r) = 3*r + 1. Suppose a + 1 = -1. Let d be (1/a)/(5/(-10)). Let b be (-1 - 2) + 2/d. Determine m(b).
-2
Let v be -4 + (4 - 2)*1. Let d(k) be the first derivative of -2*k**3/3 - k**2 + 2*k - 2. Let r(m) be the first derivative of d(m). Give r(v).
6
Let h(f) be the third derivative of f**6/15 + f**5/30 + f**4/24 + 5*f**2. Let k(n) = -n**2 - 4*n + 4. Let d be k(-5). Calculate h(d).
-7
Let q = 8 - 6. Let r(k) = 2*k**2 - 5*k**2 + q*k + 1 - k**2 + 5*k**2. What is r(-3)?
4
Let b(o) be the second derivative of -o**4/6 + o**3/3 + o**2/2 - 6*o. Determine b(2).
-3
Let b(a) be the first derivative of -a**2/2 - 14*a + 2. Let s be b(-9). Let i(g) be the third derivative of -g**5/60 - g**4/6 + 2*g**3/3 + g**2. Calculate i(s).
-1
Suppose 0 = 3*c - 0 + 9. Let s(t) = t - 2. What is s(c)?
-5
Let n(q) = q**2 + 7*q + 9. Suppose 5*o + 17 = 7. Let f be (-3)/2*(6 + o). What is n(f)?
3
Let s be ((-7)/(-28))/(2/(-8)). Let d(o) = -o. Give d(s).
1
Let r(c) = -7*c + 68*c**2 + 8 - 67*c**2 + 1. Let g = -3 - -9. Give r(g).
3
Let a(p) be the first derivative of p**4/24 + 7*p**3/3 - 2*p**2 + 5. Let m(d) be the second derivative of a(d). Calculate m(0).
14
Let o(k) = -k**3 - k + 1. Let x(h) = 5*h**3 - 6*h**2 - 5. Let a(b) = -6*o(b) - x(b). Suppose 9 = 3*r - 0, 6 = -q + 4*r. Suppose -q*u = -7*u - 5. Give a(u).
-6
Let x(q) = 5*q**3 - 8*q**2 - 2*q - 6. Let b(t) = 11*t**3 - 17*t**2 - 5*t - 13. Suppose -2*l = -5 - 3. Let d(h) = l*b(h) - 9*x(h). Determine d(4).
-6
Let m(z) = 2*z**2 - 1. Let h be (-2)/(1*6/(-27)). Let s be (-2)/3*h/6. Calculate m(s).
1
Let m(i) = i + 3. Let v(x) = -3*x - 5. Let l be v(-4). What is m(l)?
10
Let w(t) = t**2 - 7*t + 1. Let c be w(5). Let h be 3*4/c*-3. Let l(o) = -2*o**2 + 3*o**2 - h*o + 0 - 2. Calculate l(5).
3
Suppose 3*b - 8*b - 25 = 0. Let c(z) = 2*z + 6. Calculate c(b).
-4
Let q(f) = -f**3 + 7*f**2 - 9*f + 17. Let d be q(6). Let p(c) = 11*c + 1. Give p(d).
-10
Let x(k) = -6*k**2 + 4*k + 7. Let z(j) be the first derivative of 7*j**3/3 - 5*j**2